{"id":3427,"date":"2018-04-19T15:02:53","date_gmt":"2018-04-19T18:02:53","guid":{"rendered":"https:\/\/segurodpvatgratuito.com.br\/seguro-dpvat-obrigatorio-em-cesario-lange-sp\/"},"modified":"2018-04-19T15:02:53","modified_gmt":"2018-04-19T18:02:53","slug":"seguro-dpvat-obrigatorio-em-cesario-lange-sp","status":"publish","type":"page","link":"https:\/\/segurodpvatgratuito.com.br\/blog\/seguro-dpvat-obrigatorio-em-cesario-lange-sp\/","title":{"rendered":"Seguro DPVAT Obrigat\u00f3rio em Ces\u00e1rio Lange-SP"},"content":{"rendered":"<p>O Seguro do Tr\u00e2nsito &#8211; Danos Pessoais Causados por Ve\u00edculos Automotores de Via Terrestre, o <strong>DPVAT em\u00a0Ces\u00e1rio Lange-SP<\/strong>, \u00e9 cobrado todos os anos na primeira mensalidade do <a href=\"https:\/\/ipva2018.com.br\" target=\"_blank\" rel=\"noopener\">IPVA<\/a> ou no pagamento \u00fanico\u00a0do Imposto Sobre a Propriedade de Ve\u00edculos Automotores (IPVA) &#8211; Resolu\u00e7\u00e3o CNSP 215\/2010. \u00c9 administrado pela Seguradora L\u00edder dos Cons\u00f3rcios do Seguro DPVAT, que reembolsa despesas com eventuais acidentes ocorridos dentro do territ\u00f3rio nacional envolvendo ve\u00edculo automotor, observados os limites de valores.\u00a0O recolhimento do DPVAT garante indeniza\u00e7\u00f5es em caso de morte e invalidez permanente e o reembolso de despesas m\u00e9dicas e hospitalares, devidamente comprovadas. Para mais informa\u00e7\u00f5es, seguem alguns links abaixo:<\/p>\n<p><a href=\"https:\/\/segurodpvatgratuito.com.br\/perguntas-frequentes\/o-que-e-e-como-funciona-o-seguro-dpvat\">Como funciona o Seguro DPVAT<\/a>.<\/p>\n<p><a href=\"https:\/\/segurodpvatgratuito.com.br\/perguntas-frequentes\/voce-tem-direito-ao-seguro-dpvat-veja-como-receber\">Veja se voc\u00ea tem direito e como receber o DPVAT<\/a>.<\/p>\n<p><a href=\"https:\/\/segurodpvatgratuito.com.br\/perguntas-frequentes\/como-acompanhar-o-processo-do-seguro-DPVAT\">Como acompanhar o processo do seguro DPVAT<\/a>.<\/p>\n<p>\u00c9 importante tamb\u00e9m saber como est\u00e1 a situa\u00e7\u00e3o do IPVA do seu ve\u00edculo em sua cidade. Para consulta sobre <a href=\"https:\/\/ipva2018.com.br\" target=\"_blank\" rel=\"noopener\">IPVA 2017<\/a> ou <a href=\"https:\/\/ipva2018.com.br\" target=\"_blank\" rel=\"noopener\">IPVA 2018<\/a>, veja mais informa\u00e7\u00f5es abaixo:<\/p>\n<p class=\"entry-title\"><a href=\"https:\/\/ipva2018.com.br\/consulta-ipva-cesario-lange-sp\" target=\"_blank\" rel=\"bookmark noopener\">Consultar IPVA em Ces\u00e1rio Lange-SP<br \/>\n<\/a><\/p>\n<p><a href=\"https:\/\/ipva2018.com.br\/localizacao-detran-ciretran-cesario-lange-sp\" target=\"_blank\" rel=\"bookmark noopener\">Localiza\u00e7\u00e3o do Detran\/Ciretran em Ces\u00e1rio Lange-SP<\/a><\/p>\n","protected":false},"excerpt":{"rendered":"<p>O Seguro do Tr\u00e2nsito &#8211; Danos Pessoais Causados por Ve\u00edculos Automotores de Via Terrestre, o DPVAT em\u00a0Ces\u00e1rio Lange-SP, \u00e9 cobrado [&hellip;]<\/p>\n","protected":false},"author":1,"featured_media":0,"parent":0,"menu_order":0,"comment_status":"closed","ping_status":"closed","template":"page-dpvat.php","meta":{"footnotes":""},"class_list":["post-3427","page","type-page","status-publish","hentry"],"_links":{"self":[{"href":"https:\/\/segurodpvatgratuito.com.br\/blog\/wp-json\/wp\/v2\/pages\/3427","targetHints":{"allow":["GET"]}}],"collection":[{"href":"https:\/\/segurodpvatgratuito.com.br\/blog\/wp-json\/wp\/v2\/pages"}],"about":[{"href":"https:\/\/segurodpvatgratuito.com.br\/blog\/wp-json\/wp\/v2\/types\/page"}],"author":[{"embeddable":true,"href":"https:\/\/segurodpvatgratuito.com.br\/blog\/wp-json\/wp\/v2\/users\/1"}],"replies":[{"embeddable":true,"href":"https:\/\/segurodpvatgratuito.com.br\/blog\/wp-json\/wp\/v2\/comments?post=3427"}],"version-history":[{"count":0,"href":"https:\/\/segurodpvatgratuito.com.br\/blog\/wp-json\/wp\/v2\/pages\/3427\/revisions"}],"wp:attachment":[{"href":"https:\/\/segurodpvatgratuito.com.br\/blog\/wp-json\/wp\/v2\/media?parent=3427"}],"curies":[{"name":"wp","href":"https:\/\/api.w.org\/{rel}","templated":true}]}}